{"id":481,"date":"2020-02-20T18:09:30","date_gmt":"2020-02-20T18:09:30","guid":{"rendered":"http:\/\/intergate.net.br\/conector\/?page_id=481"},"modified":"2024-05-22T14:58:54","modified_gmt":"2024-05-22T17:58:54","slug":"sustentacao-de-ambientes","status":"publish","type":"page","link":"https:\/\/intergate.net.br\/conector\/sustentacao-de-ambientes\/","title":{"rendered":"Sustenta\u00e7\u00e3o de ambientes"},"content":{"rendered":"\t\t<div data-elementor-type=\"wp-page\" data-elementor-id=\"481\" class=\"elementor elementor-481\">\n\t\t\t\t\t\t<section class=\"elementor-section elementor-top-section elementor-element elementor-element-3e5e966f elementor-section-boxed elementor-section-height-default elementor-section-height-default\" data-id=\"3e5e966f\" data-element_type=\"section\" data-e-type=\"section\">\n\t\t\t\t\t\t<div class=\"elementor-container elementor-column-gap-default\">\n\t\t\t\t\t<div class=\"elementor-column elementor-col-100 elementor-top-column elementor-element elementor-element-5efb5178\" data-id=\"5efb5178\" data-element_type=\"column\" data-e-type=\"column\">\n\t\t\t<div class=\"elementor-widget-wrap elementor-element-populated\">\n\t\t\t\t\t\t<div class=\"elementor-element elementor-element-55db9810 elementor-widget elementor-widget-text-editor\" data-id=\"55db9810\" data-element_type=\"widget\" data-e-type=\"widget\" data-widget_type=\"text-editor.default\">\n\t\t\t\t<div class=\"elementor-widget-container\">\n\t\t\t\t\t\t\t\t\t<p><\/p>\n<p>Temos <strong>pacotes de sustenta\u00e7\u00e3o de ambientes de integra\u00e7\u00e3o<\/strong> (em especial para <a href=\"http:\/\/www.intergate.net.br\/blog\/integracao-framework-para-sap-business-one-b1if\/\" target=\"_blank\" rel=\"noreferrer noopener\"><strong>SAP B1If<\/strong><\/a>).<\/p>\n<p><\/p>\n<p>Os planos podem ser B\u00e1sicos e Avan\u00e7ados para atender empresas cujo pacote de mensalidade do ConectorGATE n\u00e3o seja suficiente.<\/p>\n<p><\/p>\n<p><strong>Os pacotes de sustenta\u00e7\u00e3o envolvem um valor mensal<\/strong>, suprindo atividades de monitoramento do ambiente, tratamento de erros, horas de helpdesk e desenvolvimentos pontuais e sob demanda do SAP Business One Framework.<\/p>\n<p><\/p>\n<p><\/p>\n<p class=\"has-text-align-center has-accent-color has-text-color has-medium-font-size\"><strong>Quer saber mais sobre pacotes de Sustenta\u00e7\u00e3o?<\/strong><\/p>\n<div class=\"wp-block-columns\">\n<div class=\"wp-block-column\">\n<div class=\"wp-block-buttons\">\n<p><\/p>\n<\/div>\n<p><!-- \/wp:buttons --><\/p>\n<\/div>\n<p><!-- \/wp:column --><\/p>\n<\/div>\n<p><!-- \/wp:columns --><!-- wp:paragraph --><\/p>\n<p><!-- \/wp:paragraph --><\/p>\t\t\t\t\t\t\t\t<\/div>\n\t\t\t\t<\/div>\n\t\t\t\t\t<\/div>\n\t\t<\/div>\n\t\t\t\t\t<\/div>\n\t\t<\/section>\n\t\t\t\t<section class=\"elementor-section elementor-top-section elementor-element elementor-element-b2281f0 elementor-section-boxed elementor-section-height-default elementor-section-height-default\" data-id=\"b2281f0\" data-element_type=\"section\" data-e-type=\"section\">\n\t\t\t\t\t\t<div class=\"elementor-container elementor-column-gap-default\">\n\t\t\t\t\t<div class=\"elementor-column elementor-col-100 elementor-top-column elementor-element elementor-element-92db438\" data-id=\"92db438\" data-element_type=\"column\" data-e-type=\"column\">\n\t\t\t<div class=\"elementor-widget-wrap elementor-element-populated\">\n\t\t\t\t\t\t<div class=\"elementor-element elementor-element-a0d3935 elementor-align-center elementor-widget elementor-widget-button\" data-id=\"a0d3935\" data-element_type=\"widget\" data-e-type=\"widget\" data-widget_type=\"button.default\">\n\t\t\t\t<div class=\"elementor-widget-container\">\n\t\t\t\t\t\t\t\t\t<div class=\"elementor-button-wrapper\">\n\t\t\t\t\t<a class=\"elementor-button elementor-button-link elementor-size-sm\" href=\"https:\/\/intergate.net.br\/conector\/contato-2\/\" target=\"_blank\">\n\t\t\t\t\t\t<span class=\"elementor-button-content-wrapper\">\n\t\t\t\t\t\t\t\t\t<span class=\"elementor-button-text\">Fa\u00e7a Contato<\/span>\n\t\t\t\t\t<\/span>\n\t\t\t\t\t<\/a>\n\t\t\t\t<\/div>\n\t\t\t\t\t\t\t\t<\/div>\n\t\t\t\t<\/div>\n\t\t\t\t\t<\/div>\n\t\t<\/div>\n\t\t\t\t\t<\/div>\n\t\t<\/section>\n\t\t\t\t<\/div>\n\t\t","protected":false},"excerpt":{"rendered":"<p>Temos pacotes de sustenta\u00e7\u00e3o de ambientes de integra\u00e7\u00e3o (em especial para SAP B1If). Os planos podem ser B\u00e1sicos e Avan\u00e7ados para atender empresas cujo pacote de mensalidade do ConectorGATE n\u00e3o seja suficiente. Os pacotes de sustenta\u00e7\u00e3o envolvem um valor mensal, suprindo atividades de monitoramento do ambiente, tratamento de erros, horas de helpdesk e desenvolvimentos pontuais&hellip;&nbsp;<a href=\"https:\/\/intergate.net.br\/conector\/sustentacao-de-ambientes\/\" rel=\"bookmark\">Ler mais &raquo;<span class=\"screen-reader-text\">Sustenta\u00e7\u00e3o de ambientes<\/span><\/a><\/p>\n","protected":false},"author":1,"featured_media":0,"parent":0,"menu_order":0,"comment_status":"closed","ping_status":"closed","template":"page-templates\/template-pagebuilder-full-width.php","meta":{"content-type":"","neve_meta_sidebar":"","neve_meta_container":"","neve_meta_enable_content_width":"","neve_meta_content_width":0,"neve_meta_title_alignment":"","neve_meta_author_avatar":"","neve_post_elements_order":"","neve_meta_disable_header":"","neve_meta_disable_footer":"","neve_meta_disable_title":"","footnotes":""},"class_list":["post-481","page","type-page","status-publish","hentry"],"yoast_head":"<!-- This site is optimized with the Yoast SEO plugin v27.4 - https:\/\/yoast.com\/product\/yoast-seo-wordpress\/ -->\n<title>Sustenta\u00e7\u00e3o de ambientes - Conectorgate<\/title>\n<meta name=\"description\" content=\"Temos pacotes de sustenta\u00e7\u00e3o de ambientes de integra\u00e7\u00e3o (em especial para SAP B1If). Planos B\u00e1sicos e avan\u00e7ados.\" \/>\n<meta name=\"robots\" content=\"index, follow, max-snippet:-1, max-image-preview:large, max-video-preview:-1\" \/>\n<link rel=\"canonical\" href=\"https:\/\/intergate.net.br\/conector\/sustentacao-de-ambientes\/\" \/>\n<meta name=\"twitter:card\" content=\"summary_large_image\" \/>\n<meta name=\"twitter:title\" content=\"Sustenta\u00e7\u00e3o de ambientes - Conectorgate\" \/>\n<meta name=\"twitter:description\" content=\"Temos pacotes de sustenta\u00e7\u00e3o de ambientes de integra\u00e7\u00e3o (em especial para SAP B1If). Planos B\u00e1sicos e avan\u00e7ados.\" \/>\n<meta name=\"twitter:label1\" content=\"Tempo estimado de leitura\" \/>\n\t<meta name=\"twitter:data1\" content=\"1 minuto\" \/>\n<script type=\"application\/ld+json\" class=\"yoast-schema-graph\">{\"@context\":\"https:\\\/\\\/schema.org\",\"@graph\":[{\"@type\":\"WebPage\",\"@id\":\"https:\\\/\\\/intergate.net.br\\\/conector\\\/sustentacao-de-ambientes\\\/\",\"url\":\"https:\\\/\\\/intergate.net.br\\\/conector\\\/sustentacao-de-ambientes\\\/\",\"name\":\"Sustenta\u00e7\u00e3o de ambientes - Conectorgate\",\"isPartOf\":{\"@id\":\"https:\\\/\\\/intergate.net.br\\\/conector\\\/#website\"},\"datePublished\":\"2020-02-20T18:09:30+00:00\",\"dateModified\":\"2024-05-22T17:58:54+00:00\",\"description\":\"Temos pacotes de sustenta\u00e7\u00e3o de ambientes de integra\u00e7\u00e3o (em especial para SAP B1If). Planos B\u00e1sicos e avan\u00e7ados.\",\"breadcrumb\":{\"@id\":\"https:\\\/\\\/intergate.net.br\\\/conector\\\/sustentacao-de-ambientes\\\/#breadcrumb\"},\"inLanguage\":\"pt-PT\",\"potentialAction\":[{\"@type\":\"ReadAction\",\"target\":[\"https:\\\/\\\/intergate.net.br\\\/conector\\\/sustentacao-de-ambientes\\\/\"]}]},{\"@type\":\"BreadcrumbList\",\"@id\":\"https:\\\/\\\/intergate.net.br\\\/conector\\\/sustentacao-de-ambientes\\\/#breadcrumb\",\"itemListElement\":[{\"@type\":\"ListItem\",\"position\":1,\"name\":\"In\u00edcio\",\"item\":\"https:\\\/\\\/intergate.net.br\\\/conector\\\/\"},{\"@type\":\"ListItem\",\"position\":2,\"name\":\"Sustenta\u00e7\u00e3o de ambientes\"}]},{\"@type\":\"WebSite\",\"@id\":\"https:\\\/\\\/intergate.net.br\\\/conector\\\/#website\",\"url\":\"https:\\\/\\\/intergate.net.br\\\/conector\\\/\",\"name\":\"Conectorgate\",\"description\":\"Integra\u00e7\u00f5es SAP Business One e Totvs Protheus\",\"potentialAction\":[{\"@type\":\"SearchAction\",\"target\":{\"@type\":\"EntryPoint\",\"urlTemplate\":\"https:\\\/\\\/intergate.net.br\\\/conector\\\/?s={search_term_string}\"},\"query-input\":{\"@type\":\"PropertyValueSpecification\",\"valueRequired\":true,\"valueName\":\"search_term_string\"}}],\"inLanguage\":\"pt-PT\"}]}<\/script>\n<!-- \/ Yoast SEO plugin. -->","yoast_head_json":{"title":"Sustenta\u00e7\u00e3o de ambientes - Conectorgate","description":"Temos pacotes de sustenta\u00e7\u00e3o de ambientes de integra\u00e7\u00e3o (em especial para SAP B1If). Planos B\u00e1sicos e avan\u00e7ados.","robots":{"index":"index","follow":"follow","max-snippet":"max-snippet:-1","max-image-preview":"max-image-preview:large","max-video-preview":"max-video-preview:-1"},"canonical":"https:\/\/intergate.net.br\/conector\/sustentacao-de-ambientes\/","twitter_card":"summary_large_image","twitter_title":"Sustenta\u00e7\u00e3o de ambientes - Conectorgate","twitter_description":"Temos pacotes de sustenta\u00e7\u00e3o de ambientes de integra\u00e7\u00e3o (em especial para SAP B1If). Planos B\u00e1sicos e avan\u00e7ados.","twitter_misc":{"Tempo estimado de leitura":"1 minuto"},"schema":{"@context":"https:\/\/schema.org","@graph":[{"@type":"WebPage","@id":"https:\/\/intergate.net.br\/conector\/sustentacao-de-ambientes\/","url":"https:\/\/intergate.net.br\/conector\/sustentacao-de-ambientes\/","name":"Sustenta\u00e7\u00e3o de ambientes - Conectorgate","isPartOf":{"@id":"https:\/\/intergate.net.br\/conector\/#website"},"datePublished":"2020-02-20T18:09:30+00:00","dateModified":"2024-05-22T17:58:54+00:00","description":"Temos pacotes de sustenta\u00e7\u00e3o de ambientes de integra\u00e7\u00e3o (em especial para SAP B1If). Planos B\u00e1sicos e avan\u00e7ados.","breadcrumb":{"@id":"https:\/\/intergate.net.br\/conector\/sustentacao-de-ambientes\/#breadcrumb"},"inLanguage":"pt-PT","potentialAction":[{"@type":"ReadAction","target":["https:\/\/intergate.net.br\/conector\/sustentacao-de-ambientes\/"]}]},{"@type":"BreadcrumbList","@id":"https:\/\/intergate.net.br\/conector\/sustentacao-de-ambientes\/#breadcrumb","itemListElement":[{"@type":"ListItem","position":1,"name":"In\u00edcio","item":"https:\/\/intergate.net.br\/conector\/"},{"@type":"ListItem","position":2,"name":"Sustenta\u00e7\u00e3o de ambientes"}]},{"@type":"WebSite","@id":"https:\/\/intergate.net.br\/conector\/#website","url":"https:\/\/intergate.net.br\/conector\/","name":"Conectorgate","description":"Integra\u00e7\u00f5es SAP Business One e Totvs Protheus","potentialAction":[{"@type":"SearchAction","target":{"@type":"EntryPoint","urlTemplate":"https:\/\/intergate.net.br\/conector\/?s={search_term_string}"},"query-input":{"@type":"PropertyValueSpecification","valueRequired":true,"valueName":"search_term_string"}}],"inLanguage":"pt-PT"}]}},"_links":{"self":[{"href":"https:\/\/intergate.net.br\/conector\/wp-json\/wp\/v2\/pages\/481","targetHints":{"allow":["GET"]}}],"collection":[{"href":"https:\/\/intergate.net.br\/conector\/wp-json\/wp\/v2\/pages"}],"about":[{"href":"https:\/\/intergate.net.br\/conector\/wp-json\/wp\/v2\/types\/page"}],"author":[{"embeddable":true,"href":"https:\/\/intergate.net.br\/conector\/wp-json\/wp\/v2\/users\/1"}],"replies":[{"embeddable":true,"href":"https:\/\/intergate.net.br\/conector\/wp-json\/wp\/v2\/comments?post=481"}],"version-history":[{"count":6,"href":"https:\/\/intergate.net.br\/conector\/wp-json\/wp\/v2\/pages\/481\/revisions"}],"predecessor-version":[{"id":5902,"href":"https:\/\/intergate.net.br\/conector\/wp-json\/wp\/v2\/pages\/481\/revisions\/5902"}],"wp:attachment":[{"href":"https:\/\/intergate.net.br\/conector\/wp-json\/wp\/v2\/media?parent=481"}],"curies":[{"name":"wp","href":"https:\/\/api.w.org\/{rel}","templated":true}]}}