{"id":62,"date":"2020-02-12T17:29:53","date_gmt":"2020-02-12T17:29:53","guid":{"rendered":"http:\/\/intergate.net.br\/conector\/?page_id=62"},"modified":"2024-02-27T11:25:49","modified_gmt":"2024-02-27T14:25:49","slug":"rpa-conectorgate","status":"publish","type":"page","link":"https:\/\/intergate.net.br\/conector\/rpa-conectorgate\/","title":{"rendered":"RPA ConectorGate"},"content":{"rendered":"\t\t<div data-elementor-type=\"wp-page\" data-elementor-id=\"62\" class=\"elementor elementor-62\">\n\t\t\t\t\t\t<section class=\"elementor-section elementor-top-section elementor-element elementor-element-b95cc72 elementor-section-boxed elementor-section-height-default elementor-section-height-default\" data-id=\"b95cc72\" data-element_type=\"section\" data-e-type=\"section\">\n\t\t\t\t\t\t<div class=\"elementor-container elementor-column-gap-default\">\n\t\t\t\t\t<div class=\"elementor-column elementor-col-100 elementor-top-column elementor-element elementor-element-1cfcc18\" data-id=\"1cfcc18\" data-element_type=\"column\" data-e-type=\"column\">\n\t\t\t<div class=\"elementor-widget-wrap elementor-element-populated\">\n\t\t\t\t\t\t<div class=\"elementor-element elementor-element-812827f elementor-widget elementor-widget-heading\" data-id=\"812827f\" data-element_type=\"widget\" data-e-type=\"widget\" data-widget_type=\"heading.default\">\n\t\t\t\t<div class=\"elementor-widget-container\">\n\t\t\t\t\t<h2 class=\"elementor-heading-title elementor-size-default\">RPA - Automa\u00e7\u00e3o do sincronismo de dados entre as plataformas\/sistemas<\/h2>\t\t\t\t<\/div>\n\t\t\t\t<\/div>\n\t\t\t\t\t<\/div>\n\t\t<\/div>\n\t\t\t\t\t<\/div>\n\t\t<\/section>\n\t\t\t\t<section class=\"elementor-section elementor-top-section elementor-element elementor-element-1ced45b elementor-section-boxed elementor-section-height-default elementor-section-height-default\" data-id=\"1ced45b\" data-element_type=\"section\" data-e-type=\"section\">\n\t\t\t\t\t\t<div class=\"elementor-container elementor-column-gap-default\">\n\t\t\t\t\t<div class=\"elementor-column elementor-col-100 elementor-top-column elementor-element elementor-element-2413906\" data-id=\"2413906\" data-element_type=\"column\" data-e-type=\"column\">\n\t\t\t<div class=\"elementor-widget-wrap elementor-element-populated\">\n\t\t\t\t\t\t<div class=\"elementor-element elementor-element-1c1b4693 elementor-widget elementor-widget-text-editor\" data-id=\"1c1b4693\" data-element_type=\"widget\" data-e-type=\"widget\" data-widget_type=\"text-editor.default\">\n\t\t\t\t<div class=\"elementor-widget-container\">\n\t\t\t\t\t\t\t\t\t\n<p>Um projeto de integra\u00e7\u00e3o do ERP com uma plataforma especialista envolve a <strong>automa\u00e7\u00e3o do sincronismo de dados entre as plataformas\/sistemas.<\/strong><\/p>\n\n<p class=\"has-nv-site-bg-background-color has-background has-medium-font-size\"><strong>O RPA Conectorgate \u00e9 o agente ativo respons\u00e1vel por realizar uma determinada automa\u00e7\u00e3o de processos do ERP. <\/strong><\/p>\n\n<p>As possibilidades de automa\u00e7\u00e3o com o RPA ConectorGate s\u00e3o infinitas! Veja alguns exemplos de <a href=\"http:\/\/www.intergate.net.br\/blog\/o-que-e-rpa\/\" target=\"_blank\" rel=\"noreferrer noopener\">RPA<\/a> ConectorGate:<\/p>\n\n<ul class=\"wp-block-list\">\n<li>Integra\u00e7\u00e3o de dados entre o ERP e uma plataforma de ecommerce, ou marketplace, ou CRM<\/li>\n\n<li>Integra\u00e7\u00e3o de dados com transportadoras<\/li>\n\n<li>RPA que fature automaticamente pedidos de venda aptos a faturar<\/li>\n<\/ul>\n\n<div class=\"wp-block-spacer\" style=\"height: 7px;\" aria-hidden=\"true\">\u00a0<\/div>\n\n<p class=\"has-background has-medium-font-size\" style=\"background-color: #eef3f5;\"><strong>Caso voc\u00ea n\u00e3o disponha de recursos para a implementa\u00e7\u00e3o do RPA (uso de iPaaS, etc), teremos envolvidos os 2 componentes do ConectorGate: API + RPA.<\/strong><\/p>\n\n<p class=\"has-text-align-center has-medium-font-size\"><em>A API ConectorGate ir\u00e1 disponibilizar passivamente acesso ao ERP, e o RPA ConectorGate ir\u00e1 ativamente executar de tempos em tempos os jobs de integra\u00e7\u00e3o entre as API envolvidas.<\/em><\/p>\n\n<figure class=\"wp-block-image aligncenter size-large\"><img fetchpriority=\"high\" decoding=\"async\" class=\"alignnone wp-image-2377 size-full\" src=\"https:\/\/intergate.net.br\/conector\/wp-content\/uploads\/2021\/07\/ConectorGate-Integre-seu-ERP.png\" alt=\"ConectorGate - API + RPA = integra\u00e7\u00e3o com Ecommerce, Marketplace, CRM, Logistics\" width=\"1280\" height=\"720\" srcset=\"https:\/\/intergate.net.br\/conector\/wp-content\/uploads\/2021\/07\/ConectorGate-Integre-seu-ERP.png 1280w, https:\/\/intergate.net.br\/conector\/wp-content\/uploads\/2021\/07\/ConectorGate-Integre-seu-ERP-300x169.png 300w, https:\/\/intergate.net.br\/conector\/wp-content\/uploads\/2021\/07\/ConectorGate-Integre-seu-ERP-1024x576.png 1024w, https:\/\/intergate.net.br\/conector\/wp-content\/uploads\/2021\/07\/ConectorGate-Integre-seu-ERP-768x432.png 768w\" sizes=\"(max-width: 1280px) 100vw, 1280px\" \/>\n<figcaption class=\"wp-element-caption\">ConectorGate &#8211; API + RPA = integra\u00e7\u00e3o com Ecommerce, Marketplace, CRM, Logistics<\/figcaption>\n<\/figure>\n\n<p>\u00a0<\/p>\n\n<h3 class=\"wp-block-heading has-white-color has-text-color has-background\" style=\"background-color: #3d3939; font-size: 25px;\">Cases &#8211; Ecommerce (B2C B2B Marketplace)<\/h3>\n\n<ul class=\"wp-block-list\">\n<li>VTEX<\/li>\n\n<li>Shopify<\/li>\n\n<li>Wake<\/li>\n\n<li>Flexy<\/li>\n\n<li>CWS Digital<\/li>\n<\/ul>\n\n<h3 class=\"wp-block-heading has-white-color has-text-color has-background\" style=\"background-color: #3d3939; font-size: 25px;\">Cases &#8211; CRM<\/h3>\n\n<ul class=\"wp-block-list\">\n<li>SalesForce<\/li>\n\n<li>HubSpot<\/li>\n\n<li>Ploomes<\/li>\n<\/ul>\n\n<h4 class=\"wp-block-heading has-white-color has-text-color has-background\" style=\"background-color: #3d3939; font-size: 25px;\">Cases &#8211; Log\u00edstica<\/h4>\n\n<ul class=\"wp-block-list\">\n<li>Uello<\/li>\n\n<li>Loggi<\/li>\n\n<li>Mandae<\/li>\n\n<li>TotalExpress<\/li>\n\n<li>DLog<\/li>\n\n<li>WMS Pratika<\/li>\n<\/ul>\n\n<h3 class=\"wp-block-heading has-white-color has-text-color has-background\" style=\"background-color: #3d3939; font-size: 25px;\">Cases &#8211; Outros<\/h3>\n\n<ul class=\"wp-block-list\">\n<li>Kairos Store\/Seal = store<\/li>\n\n<li>Eyemobile = store<\/li>\n\n<li>BLiP = whatsapp<\/li>\n\n<li>Nimbi = supply<\/li>\n<\/ul>\n<hr class=\"wp-block-separator has-css-opacity\" \/>\n<p class=\"has-black-color has-text-color\" style=\"font-size: 21px;\"><strong>Saiba mais sobre os nossos Servi\u00e7os acessando nosso Blog<\/strong><\/p>\n\n<ul class=\"wp-block-list\">\n<li><a href=\"http:\/\/www.intergate.net.br\/blog\/intergate-participa-de-golive-de-integracao-entre-loja-olympikus-com-sap-business-one\/\" target=\"_blank\" rel=\"noreferrer noopener\" aria-label=\"InterGATE participa de golive de integra\u00e7\u00e3o entre loja Olympikus com SAP Business One (abre num novo separador)\">InterGATE participa de golive de integra\u00e7\u00e3o entre loja Olympikus com SAP Business One<\/a><\/li>\n\n<li><a href=\"http:\/\/www.intergate.net.br\/blog\/franchise-one-api-integracao-de-processos-comerciais-complexos-com-sap-business-one\/\" target=\"_blank\" rel=\"noreferrer noopener\">FranchiseOne API \u2013 Integra\u00e7\u00e3o de Processos Comerciais Complexos com SAP Business One<\/a><\/li>\n\n<li><a href=\"http:\/\/www.intergate.net.br\/blog\/integracao-hs-cargo-e-sap-business-one-transporte-internacional\/\" target=\"_blank\" rel=\"noreferrer noopener\">Integra\u00e7\u00e3o HS Cargo e SAP Business One \u2013 Transporte Internacional<\/a><\/li>\n<\/ul>\n\n<p>\u00a0<\/p>\n\t\t\t\t\t\t\t\t<\/div>\n\t\t\t\t<\/div>\n\t\t\t\t\t<\/div>\n\t\t<\/div>\n\t\t\t\t\t<\/div>\n\t\t<\/section>\n\t\t\t\t<\/div>\n\t\t","protected":false},"excerpt":{"rendered":"<p>RPA &#8211; Automa\u00e7\u00e3o do sincronismo de dados entre as plataformas\/sistemas Um projeto de integra\u00e7\u00e3o do ERP com uma plataforma especialista envolve a automa\u00e7\u00e3o do sincronismo de dados entre as plataformas\/sistemas. O RPA Conectorgate \u00e9 o agente ativo respons\u00e1vel por realizar uma determinada automa\u00e7\u00e3o de processos do ERP. As possibilidades de automa\u00e7\u00e3o com o RPA ConectorGate&hellip;&nbsp;<a href=\"https:\/\/intergate.net.br\/conector\/rpa-conectorgate\/\" rel=\"bookmark\">Ler mais &raquo;<span class=\"screen-reader-text\">RPA ConectorGate<\/span><\/a><\/p>\n","protected":false},"author":1,"featured_media":0,"parent":0,"menu_order":0,"comment_status":"closed","ping_status":"closed","template":"page-templates\/template-pagebuilder-full-width.php","meta":{"content-type":"","neve_meta_sidebar":"","neve_meta_container":"","neve_meta_enable_content_width":"","neve_meta_content_width":0,"neve_meta_title_alignment":"","neve_meta_author_avatar":"","neve_post_elements_order":"","neve_meta_disable_header":"","neve_meta_disable_footer":"","neve_meta_disable_title":"","footnotes":""},"class_list":["post-62","page","type-page","status-publish","hentry"],"yoast_head":"<!-- This site is optimized with the Yoast SEO plugin v27.4 - https:\/\/yoast.com\/product\/yoast-seo-wordpress\/ -->\n<title>RPA ConectorGate - Conectorgate<\/title>\n<meta name=\"description\" content=\"O RPA ConectorGate s\u00e3o rob\u00f4s, que automatizam as integra\u00e7\u00f5es de ERPs SAP Business One e Totvs Protheus com Sistemas especialistas.\" \/>\n<meta name=\"robots\" content=\"index, follow, max-snippet:-1, max-image-preview:large, max-video-preview:-1\" \/>\n<link rel=\"canonical\" href=\"https:\/\/intergate.net.br\/conector\/rpa-conectorgate\/\" \/>\n<meta name=\"twitter:card\" content=\"summary_large_image\" \/>\n<meta name=\"twitter:title\" content=\"RPA ConectorGate - Conectorgate\" \/>\n<meta name=\"twitter:description\" content=\"O RPA ConectorGate s\u00e3o rob\u00f4s, que automatizam as integra\u00e7\u00f5es de ERPs SAP Business One e Totvs Protheus com Sistemas especialistas.\" \/>\n<meta name=\"twitter:image\" content=\"https:\/\/intergate.net.br\/conector\/wp-content\/uploads\/2021\/07\/ConectorGate-Integre-seu-ERP.png\" \/>\n<meta name=\"twitter:label1\" content=\"Tempo estimado de leitura\" \/>\n\t<meta name=\"twitter:data1\" content=\"2 minutos\" \/>\n<script type=\"application\/ld+json\" class=\"yoast-schema-graph\">{\"@context\":\"https:\\\/\\\/schema.org\",\"@graph\":[{\"@type\":\"WebPage\",\"@id\":\"https:\\\/\\\/intergate.net.br\\\/conector\\\/rpa-conectorgate\\\/\",\"url\":\"https:\\\/\\\/intergate.net.br\\\/conector\\\/rpa-conectorgate\\\/\",\"name\":\"RPA ConectorGate - Conectorgate\",\"isPartOf\":{\"@id\":\"https:\\\/\\\/intergate.net.br\\\/conector\\\/#website\"},\"primaryImageOfPage\":{\"@id\":\"https:\\\/\\\/intergate.net.br\\\/conector\\\/rpa-conectorgate\\\/#primaryimage\"},\"image\":{\"@id\":\"https:\\\/\\\/intergate.net.br\\\/conector\\\/rpa-conectorgate\\\/#primaryimage\"},\"thumbnailUrl\":\"https:\\\/\\\/intergate.net.br\\\/conector\\\/wp-content\\\/uploads\\\/2021\\\/07\\\/ConectorGate-Integre-seu-ERP.png\",\"datePublished\":\"2020-02-12T17:29:53+00:00\",\"dateModified\":\"2024-02-27T14:25:49+00:00\",\"description\":\"O RPA ConectorGate s\u00e3o rob\u00f4s, que automatizam as integra\u00e7\u00f5es de ERPs SAP Business One e Totvs Protheus com Sistemas especialistas.\",\"breadcrumb\":{\"@id\":\"https:\\\/\\\/intergate.net.br\\\/conector\\\/rpa-conectorgate\\\/#breadcrumb\"},\"inLanguage\":\"pt-PT\",\"potentialAction\":[{\"@type\":\"ReadAction\",\"target\":[\"https:\\\/\\\/intergate.net.br\\\/conector\\\/rpa-conectorgate\\\/\"]}]},{\"@type\":\"ImageObject\",\"inLanguage\":\"pt-PT\",\"@id\":\"https:\\\/\\\/intergate.net.br\\\/conector\\\/rpa-conectorgate\\\/#primaryimage\",\"url\":\"https:\\\/\\\/intergate.net.br\\\/conector\\\/wp-content\\\/uploads\\\/2021\\\/07\\\/ConectorGate-Integre-seu-ERP.png\",\"contentUrl\":\"https:\\\/\\\/intergate.net.br\\\/conector\\\/wp-content\\\/uploads\\\/2021\\\/07\\\/ConectorGate-Integre-seu-ERP.png\",\"width\":1280,\"height\":720},{\"@type\":\"BreadcrumbList\",\"@id\":\"https:\\\/\\\/intergate.net.br\\\/conector\\\/rpa-conectorgate\\\/#breadcrumb\",\"itemListElement\":[{\"@type\":\"ListItem\",\"position\":1,\"name\":\"In\u00edcio\",\"item\":\"https:\\\/\\\/intergate.net.br\\\/conector\\\/\"},{\"@type\":\"ListItem\",\"position\":2,\"name\":\"RPA ConectorGate\"}]},{\"@type\":\"WebSite\",\"@id\":\"https:\\\/\\\/intergate.net.br\\\/conector\\\/#website\",\"url\":\"https:\\\/\\\/intergate.net.br\\\/conector\\\/\",\"name\":\"Conectorgate\",\"description\":\"Integra\u00e7\u00f5es SAP Business One e Totvs Protheus\",\"potentialAction\":[{\"@type\":\"SearchAction\",\"target\":{\"@type\":\"EntryPoint\",\"urlTemplate\":\"https:\\\/\\\/intergate.net.br\\\/conector\\\/?s={search_term_string}\"},\"query-input\":{\"@type\":\"PropertyValueSpecification\",\"valueRequired\":true,\"valueName\":\"search_term_string\"}}],\"inLanguage\":\"pt-PT\"}]}<\/script>\n<!-- \/ Yoast SEO plugin. -->","yoast_head_json":{"title":"RPA ConectorGate - Conectorgate","description":"O RPA ConectorGate s\u00e3o rob\u00f4s, que automatizam as integra\u00e7\u00f5es de ERPs SAP Business One e Totvs Protheus com Sistemas especialistas.","robots":{"index":"index","follow":"follow","max-snippet":"max-snippet:-1","max-image-preview":"max-image-preview:large","max-video-preview":"max-video-preview:-1"},"canonical":"https:\/\/intergate.net.br\/conector\/rpa-conectorgate\/","twitter_card":"summary_large_image","twitter_title":"RPA ConectorGate - Conectorgate","twitter_description":"O RPA ConectorGate s\u00e3o rob\u00f4s, que automatizam as integra\u00e7\u00f5es de ERPs SAP Business One e Totvs Protheus com Sistemas especialistas.","twitter_image":"https:\/\/intergate.net.br\/conector\/wp-content\/uploads\/2021\/07\/ConectorGate-Integre-seu-ERP.png","twitter_misc":{"Tempo estimado de leitura":"2 minutos"},"schema":{"@context":"https:\/\/schema.org","@graph":[{"@type":"WebPage","@id":"https:\/\/intergate.net.br\/conector\/rpa-conectorgate\/","url":"https:\/\/intergate.net.br\/conector\/rpa-conectorgate\/","name":"RPA ConectorGate - Conectorgate","isPartOf":{"@id":"https:\/\/intergate.net.br\/conector\/#website"},"primaryImageOfPage":{"@id":"https:\/\/intergate.net.br\/conector\/rpa-conectorgate\/#primaryimage"},"image":{"@id":"https:\/\/intergate.net.br\/conector\/rpa-conectorgate\/#primaryimage"},"thumbnailUrl":"https:\/\/intergate.net.br\/conector\/wp-content\/uploads\/2021\/07\/ConectorGate-Integre-seu-ERP.png","datePublished":"2020-02-12T17:29:53+00:00","dateModified":"2024-02-27T14:25:49+00:00","description":"O RPA ConectorGate s\u00e3o rob\u00f4s, que automatizam as integra\u00e7\u00f5es de ERPs SAP Business One e Totvs Protheus com Sistemas especialistas.","breadcrumb":{"@id":"https:\/\/intergate.net.br\/conector\/rpa-conectorgate\/#breadcrumb"},"inLanguage":"pt-PT","potentialAction":[{"@type":"ReadAction","target":["https:\/\/intergate.net.br\/conector\/rpa-conectorgate\/"]}]},{"@type":"ImageObject","inLanguage":"pt-PT","@id":"https:\/\/intergate.net.br\/conector\/rpa-conectorgate\/#primaryimage","url":"https:\/\/intergate.net.br\/conector\/wp-content\/uploads\/2021\/07\/ConectorGate-Integre-seu-ERP.png","contentUrl":"https:\/\/intergate.net.br\/conector\/wp-content\/uploads\/2021\/07\/ConectorGate-Integre-seu-ERP.png","width":1280,"height":720},{"@type":"BreadcrumbList","@id":"https:\/\/intergate.net.br\/conector\/rpa-conectorgate\/#breadcrumb","itemListElement":[{"@type":"ListItem","position":1,"name":"In\u00edcio","item":"https:\/\/intergate.net.br\/conector\/"},{"@type":"ListItem","position":2,"name":"RPA ConectorGate"}]},{"@type":"WebSite","@id":"https:\/\/intergate.net.br\/conector\/#website","url":"https:\/\/intergate.net.br\/conector\/","name":"Conectorgate","description":"Integra\u00e7\u00f5es SAP Business One e Totvs Protheus","potentialAction":[{"@type":"SearchAction","target":{"@type":"EntryPoint","urlTemplate":"https:\/\/intergate.net.br\/conector\/?s={search_term_string}"},"query-input":{"@type":"PropertyValueSpecification","valueRequired":true,"valueName":"search_term_string"}}],"inLanguage":"pt-PT"}]}},"_links":{"self":[{"href":"https:\/\/intergate.net.br\/conector\/wp-json\/wp\/v2\/pages\/62","targetHints":{"allow":["GET"]}}],"collection":[{"href":"https:\/\/intergate.net.br\/conector\/wp-json\/wp\/v2\/pages"}],"about":[{"href":"https:\/\/intergate.net.br\/conector\/wp-json\/wp\/v2\/types\/page"}],"author":[{"embeddable":true,"href":"https:\/\/intergate.net.br\/conector\/wp-json\/wp\/v2\/users\/1"}],"replies":[{"embeddable":true,"href":"https:\/\/intergate.net.br\/conector\/wp-json\/wp\/v2\/comments?post=62"}],"version-history":[{"count":0,"href":"https:\/\/intergate.net.br\/conector\/wp-json\/wp\/v2\/pages\/62\/revisions"}],"wp:attachment":[{"href":"https:\/\/intergate.net.br\/conector\/wp-json\/wp\/v2\/media?parent=62"}],"curies":[{"name":"wp","href":"https:\/\/api.w.org\/{rel}","templated":true}]}}