{"id":911,"date":"2020-04-30T19:13:10","date_gmt":"2020-04-30T19:13:10","guid":{"rendered":"http:\/\/intergate.net.br\/conector\/?page_id=911"},"modified":"2024-03-12T17:01:26","modified_gmt":"2024-03-12T20:01:26","slug":"documentacao-da-api","status":"publish","type":"page","link":"https:\/\/intergate.net.br\/conector\/documentacao-da-api\/","title":{"rendered":"Documenta\u00e7\u00e3o da API"},"content":{"rendered":"\t\t<div data-elementor-type=\"wp-page\" data-elementor-id=\"911\" class=\"elementor elementor-911\">\n\t\t\t\t\t\t<section class=\"elementor-section elementor-top-section elementor-element elementor-element-100ee748 elementor-section-boxed elementor-section-height-default elementor-section-height-default\" data-id=\"100ee748\" data-element_type=\"section\" data-e-type=\"section\">\n\t\t\t\t\t\t<div class=\"elementor-container elementor-column-gap-default\">\n\t\t\t\t\t<div class=\"elementor-column elementor-col-100 elementor-top-column elementor-element elementor-element-4c37aeb2\" data-id=\"4c37aeb2\" data-element_type=\"column\" data-e-type=\"column\">\n\t\t\t<div class=\"elementor-widget-wrap elementor-element-populated\">\n\t\t\t\t\t\t<div class=\"elementor-element elementor-element-4294d5ad elementor-widget elementor-widget-text-editor\" data-id=\"4294d5ad\" data-element_type=\"widget\" data-e-type=\"widget\" data-widget_type=\"text-editor.default\">\n\t\t\t\t<div class=\"elementor-widget-container\">\n\t\t\t\t\t\t\t\t\t\n<p>Todos os conectores possuem documenta\u00e7\u00e3o detalhada no Postman.<\/p>\n\n\n\n<p>Pela documenta\u00e7\u00e3o, \u00e9 poss\u00edvel verificar:<\/p>\n\n\n\n<ul class=\"wp-block-list\">\n<li>Servi\u00e7os dispon\u00edveis<\/li>\n\n\n\n<li>Forma de utiliza\u00e7\u00e3o (requests)<\/li>\n\n\n\n<li>Respostas de exemplo esperadas<\/li>\n\n\n\n<li>C\u00f3digo fonte em diversas linguagens de programa\u00e7\u00e3o (C#, Java, JavaScript, NodeJs, PHP, Python, Ruby, etc) para consumo dos servi\u00e7os da API<\/li>\n<\/ul>\n\n\n\n<figure class=\"wp-block-image size-large\"><img fetchpriority=\"high\" decoding=\"async\" width=\"1024\" height=\"463\" src=\"http:\/\/intergate.net.br\/conector\/wp-content\/uploads\/2020\/04\/image-7-1024x463.png\" alt=\"\" class=\"wp-image-875\" srcset=\"https:\/\/intergate.net.br\/conector\/wp-content\/uploads\/2020\/04\/image-7-1024x463.png 1024w, https:\/\/intergate.net.br\/conector\/wp-content\/uploads\/2020\/04\/image-7-600x271.png 600w, https:\/\/intergate.net.br\/conector\/wp-content\/uploads\/2020\/04\/image-7-300x136.png 300w, https:\/\/intergate.net.br\/conector\/wp-content\/uploads\/2020\/04\/image-7-768x347.png 768w, https:\/\/intergate.net.br\/conector\/wp-content\/uploads\/2020\/04\/image-7.png 1351w\" sizes=\"(max-width: 1024px) 100vw, 1024px\" \/><\/figure>\n\n\n\n<p class=\"has-nv-dark-bg-color has-nv-light-bg-background-color has-text-color has-background\" style=\"font-size:20px\">salesAPI (conector-base)<\/p>\n\n\n\n<p><a href=\"https:\/\/documenter.getpostman.com\/view\/8243187\/SWE3dfdQ\" target=\"_blank\" rel=\"noreferrer noopener\">salesAPI (Postman documentation)<\/a><\/p>\n\n\n\n<p class=\"has-nv-dark-bg-color has-nv-light-bg-background-color has-text-color has-background\" style=\"font-size:20px\">supplyAPI<\/p>\n\n\n\n<p><a href=\"https:\/\/documenter.getpostman.com\/view\/8243187\/TVKA5Khm\" target=\"_blank\" rel=\"noreferrer noopener\">supplyAPI (Postman documentation)<\/a><\/p>\n\n\n\n<p class=\"has-nv-dark-bg-color has-nv-light-bg-background-color has-text-color has-background\" style=\"font-size:20px\">finAPI<\/p>\n\n\n\n<p class=\"has-neve-link-hover-color-color has-text-color has-link-color wp-elements-1789db8f3ffee25ccea45aad6903494e\"><a href=\"https:\/\/documenter.getpostman.com\/view\/8243187\/TVKFzbno\" target=\"_blank\" rel=\"noreferrer noopener\">finAPI (Postman documentation)<\/a><\/p>\n\n\n\n<p class=\"has-nv-dark-bg-color has-nv-light-bg-background-color has-text-color has-background\" style=\"font-size:20px\">mesAPI<\/p>\n\n\n\n<p><a href=\"https:\/\/documenter.getpostman.com\/view\/8243187\/SVYkx1vD\" target=\"_blank\" rel=\"noreferrer noopener\">mesAPI (Postman documentation)<\/a><\/p>\n\n\n\n<p><\/p>\n\n\n\n<div class=\"wp-block-group\"><div class=\"wp-block-group__inner-container is-layout-flow wp-block-group-is-layout-flow\">\n<div class=\"wp-block-columns is-layout-flex wp-container-core-columns-is-layout-9d6595d7 wp-block-columns-is-layout-flex\">\n<div class=\"wp-block-column is-layout-flow wp-block-column-is-layout-flow\"><\/div>\n<\/div>\n\n\n\n<p><\/p>\n<\/div><\/div>\n\n\n\n<p><\/p>\n\t\t\t\t\t\t\t\t<\/div>\n\t\t\t\t<\/div>\n\t\t\t\t\t<\/div>\n\t\t<\/div>\n\t\t\t\t\t<\/div>\n\t\t<\/section>\n\t\t\t\t<\/div>\n\t\t","protected":false},"excerpt":{"rendered":"<p>Todos os conectores possuem documenta\u00e7\u00e3o detalhada no Postman. Pela documenta\u00e7\u00e3o, \u00e9 poss\u00edvel verificar: salesAPI (conector-base) salesAPI (Postman documentation) supplyAPI supplyAPI (Postman documentation) finAPI finAPI (Postman documentation) mesAPI mesAPI (Postman documentation)<\/p>\n","protected":false},"author":1,"featured_media":0,"parent":0,"menu_order":0,"comment_status":"closed","ping_status":"closed","template":"","meta":{"content-type":"","neve_meta_sidebar":"","neve_meta_container":"","neve_meta_enable_content_width":"","neve_meta_content_width":0,"neve_meta_title_alignment":"","neve_meta_author_avatar":"","neve_post_elements_order":"","neve_meta_disable_header":"","neve_meta_disable_footer":"","neve_meta_disable_title":"","footnotes":""},"class_list":["post-911","page","type-page","status-publish","hentry"],"yoast_head":"<!-- This site is optimized with the Yoast SEO plugin v27.4 - https:\/\/yoast.com\/product\/yoast-seo-wordpress\/ -->\n<title>Documenta\u00e7\u00e3o da API - Conectorgate<\/title>\n<meta name=\"robots\" content=\"index, follow, max-snippet:-1, max-image-preview:large, max-video-preview:-1\" \/>\n<link rel=\"canonical\" href=\"https:\/\/intergate.net.br\/conector\/documentacao-da-api\/\" \/>\n<meta name=\"twitter:card\" content=\"summary_large_image\" \/>\n<meta name=\"twitter:title\" content=\"Documenta\u00e7\u00e3o da API - Conectorgate\" \/>\n<meta name=\"twitter:description\" content=\"Todos os conectores possuem documenta\u00e7\u00e3o detalhada no Postman. Pela documenta\u00e7\u00e3o, \u00e9 poss\u00edvel verificar: salesAPI (conector-base) salesAPI (Postman documentation) supplyAPI supplyAPI (Postman documentation) finAPI finAPI (Postman documentation) mesAPI mesAPI (Postman documentation)\" \/>\n<meta name=\"twitter:image\" content=\"https:\/\/intergate.net.br\/conector\/wp-content\/uploads\/2020\/04\/image-7.png\" \/>\n<meta name=\"twitter:label1\" content=\"Tempo estimado de leitura\" \/>\n\t<meta name=\"twitter:data1\" content=\"1 minuto\" \/>\n<script type=\"application\/ld+json\" class=\"yoast-schema-graph\">{\"@context\":\"https:\\\/\\\/schema.org\",\"@graph\":[{\"@type\":\"WebPage\",\"@id\":\"https:\\\/\\\/intergate.net.br\\\/conector\\\/documentacao-da-api\\\/\",\"url\":\"https:\\\/\\\/intergate.net.br\\\/conector\\\/documentacao-da-api\\\/\",\"name\":\"Documenta\u00e7\u00e3o da API - Conectorgate\",\"isPartOf\":{\"@id\":\"https:\\\/\\\/intergate.net.br\\\/conector\\\/#website\"},\"primaryImageOfPage\":{\"@id\":\"https:\\\/\\\/intergate.net.br\\\/conector\\\/documentacao-da-api\\\/#primaryimage\"},\"image\":{\"@id\":\"https:\\\/\\\/intergate.net.br\\\/conector\\\/documentacao-da-api\\\/#primaryimage\"},\"thumbnailUrl\":\"http:\\\/\\\/intergate.net.br\\\/conector\\\/wp-content\\\/uploads\\\/2020\\\/04\\\/image-7-1024x463.png\",\"datePublished\":\"2020-04-30T19:13:10+00:00\",\"dateModified\":\"2024-03-12T20:01:26+00:00\",\"breadcrumb\":{\"@id\":\"https:\\\/\\\/intergate.net.br\\\/conector\\\/documentacao-da-api\\\/#breadcrumb\"},\"inLanguage\":\"pt-PT\",\"potentialAction\":[{\"@type\":\"ReadAction\",\"target\":[\"https:\\\/\\\/intergate.net.br\\\/conector\\\/documentacao-da-api\\\/\"]}]},{\"@type\":\"ImageObject\",\"inLanguage\":\"pt-PT\",\"@id\":\"https:\\\/\\\/intergate.net.br\\\/conector\\\/documentacao-da-api\\\/#primaryimage\",\"url\":\"https:\\\/\\\/intergate.net.br\\\/conector\\\/wp-content\\\/uploads\\\/2020\\\/04\\\/image-7.png\",\"contentUrl\":\"https:\\\/\\\/intergate.net.br\\\/conector\\\/wp-content\\\/uploads\\\/2020\\\/04\\\/image-7.png\",\"width\":1351,\"height\":611},{\"@type\":\"BreadcrumbList\",\"@id\":\"https:\\\/\\\/intergate.net.br\\\/conector\\\/documentacao-da-api\\\/#breadcrumb\",\"itemListElement\":[{\"@type\":\"ListItem\",\"position\":1,\"name\":\"In\u00edcio\",\"item\":\"https:\\\/\\\/intergate.net.br\\\/conector\\\/\"},{\"@type\":\"ListItem\",\"position\":2,\"name\":\"Documenta\u00e7\u00e3o da API\"}]},{\"@type\":\"WebSite\",\"@id\":\"https:\\\/\\\/intergate.net.br\\\/conector\\\/#website\",\"url\":\"https:\\\/\\\/intergate.net.br\\\/conector\\\/\",\"name\":\"Conectorgate\",\"description\":\"Integra\u00e7\u00f5es SAP Business One e Totvs Protheus\",\"potentialAction\":[{\"@type\":\"SearchAction\",\"target\":{\"@type\":\"EntryPoint\",\"urlTemplate\":\"https:\\\/\\\/intergate.net.br\\\/conector\\\/?s={search_term_string}\"},\"query-input\":{\"@type\":\"PropertyValueSpecification\",\"valueRequired\":true,\"valueName\":\"search_term_string\"}}],\"inLanguage\":\"pt-PT\"}]}<\/script>\n<!-- \/ Yoast SEO plugin. -->","yoast_head_json":{"title":"Documenta\u00e7\u00e3o da API - Conectorgate","robots":{"index":"index","follow":"follow","max-snippet":"max-snippet:-1","max-image-preview":"max-image-preview:large","max-video-preview":"max-video-preview:-1"},"canonical":"https:\/\/intergate.net.br\/conector\/documentacao-da-api\/","twitter_card":"summary_large_image","twitter_title":"Documenta\u00e7\u00e3o da API - Conectorgate","twitter_description":"Todos os conectores possuem documenta\u00e7\u00e3o detalhada no Postman. Pela documenta\u00e7\u00e3o, \u00e9 poss\u00edvel verificar: salesAPI (conector-base) salesAPI (Postman documentation) supplyAPI supplyAPI (Postman documentation) finAPI finAPI (Postman documentation) mesAPI mesAPI (Postman documentation)","twitter_image":"https:\/\/intergate.net.br\/conector\/wp-content\/uploads\/2020\/04\/image-7.png","twitter_misc":{"Tempo estimado de leitura":"1 minuto"},"schema":{"@context":"https:\/\/schema.org","@graph":[{"@type":"WebPage","@id":"https:\/\/intergate.net.br\/conector\/documentacao-da-api\/","url":"https:\/\/intergate.net.br\/conector\/documentacao-da-api\/","name":"Documenta\u00e7\u00e3o da API - Conectorgate","isPartOf":{"@id":"https:\/\/intergate.net.br\/conector\/#website"},"primaryImageOfPage":{"@id":"https:\/\/intergate.net.br\/conector\/documentacao-da-api\/#primaryimage"},"image":{"@id":"https:\/\/intergate.net.br\/conector\/documentacao-da-api\/#primaryimage"},"thumbnailUrl":"http:\/\/intergate.net.br\/conector\/wp-content\/uploads\/2020\/04\/image-7-1024x463.png","datePublished":"2020-04-30T19:13:10+00:00","dateModified":"2024-03-12T20:01:26+00:00","breadcrumb":{"@id":"https:\/\/intergate.net.br\/conector\/documentacao-da-api\/#breadcrumb"},"inLanguage":"pt-PT","potentialAction":[{"@type":"ReadAction","target":["https:\/\/intergate.net.br\/conector\/documentacao-da-api\/"]}]},{"@type":"ImageObject","inLanguage":"pt-PT","@id":"https:\/\/intergate.net.br\/conector\/documentacao-da-api\/#primaryimage","url":"https:\/\/intergate.net.br\/conector\/wp-content\/uploads\/2020\/04\/image-7.png","contentUrl":"https:\/\/intergate.net.br\/conector\/wp-content\/uploads\/2020\/04\/image-7.png","width":1351,"height":611},{"@type":"BreadcrumbList","@id":"https:\/\/intergate.net.br\/conector\/documentacao-da-api\/#breadcrumb","itemListElement":[{"@type":"ListItem","position":1,"name":"In\u00edcio","item":"https:\/\/intergate.net.br\/conector\/"},{"@type":"ListItem","position":2,"name":"Documenta\u00e7\u00e3o da API"}]},{"@type":"WebSite","@id":"https:\/\/intergate.net.br\/conector\/#website","url":"https:\/\/intergate.net.br\/conector\/","name":"Conectorgate","description":"Integra\u00e7\u00f5es SAP Business One e Totvs Protheus","potentialAction":[{"@type":"SearchAction","target":{"@type":"EntryPoint","urlTemplate":"https:\/\/intergate.net.br\/conector\/?s={search_term_string}"},"query-input":{"@type":"PropertyValueSpecification","valueRequired":true,"valueName":"search_term_string"}}],"inLanguage":"pt-PT"}]}},"_links":{"self":[{"href":"https:\/\/intergate.net.br\/conector\/wp-json\/wp\/v2\/pages\/911","targetHints":{"allow":["GET"]}}],"collection":[{"href":"https:\/\/intergate.net.br\/conector\/wp-json\/wp\/v2\/pages"}],"about":[{"href":"https:\/\/intergate.net.br\/conector\/wp-json\/wp\/v2\/types\/page"}],"author":[{"embeddable":true,"href":"https:\/\/intergate.net.br\/conector\/wp-json\/wp\/v2\/users\/1"}],"replies":[{"embeddable":true,"href":"https:\/\/intergate.net.br\/conector\/wp-json\/wp\/v2\/comments?post=911"}],"version-history":[{"count":6,"href":"https:\/\/intergate.net.br\/conector\/wp-json\/wp\/v2\/pages\/911\/revisions"}],"predecessor-version":[{"id":5755,"href":"https:\/\/intergate.net.br\/conector\/wp-json\/wp\/v2\/pages\/911\/revisions\/5755"}],"wp:attachment":[{"href":"https:\/\/intergate.net.br\/conector\/wp-json\/wp\/v2\/media?parent=911"}],"curies":[{"name":"wp","href":"https:\/\/api.w.org\/{rel}","templated":true}]}}