{"id":944,"date":"2020-04-30T22:38:17","date_gmt":"2020-04-30T22:38:17","guid":{"rendered":"http:\/\/intergate.net.br\/conector\/?page_id=944"},"modified":"2024-03-12T16:53:25","modified_gmt":"2024-03-12T19:53:25","slug":"pesquisando-registros","status":"publish","type":"page","link":"https:\/\/intergate.net.br\/conector\/pesquisando-registros\/","title":{"rendered":"Pesquisando Registros nas APIs"},"content":{"rendered":"\t\t<div data-elementor-type=\"wp-page\" data-elementor-id=\"944\" class=\"elementor elementor-944\">\n\t\t\t\t\t\t<section class=\"elementor-section elementor-top-section elementor-element elementor-element-64e960ba elementor-section-boxed elementor-section-height-default elementor-section-height-default\" data-id=\"64e960ba\" data-element_type=\"section\" data-e-type=\"section\">\n\t\t\t\t\t\t<div class=\"elementor-container elementor-column-gap-default\">\n\t\t\t\t\t<div class=\"elementor-column elementor-col-100 elementor-top-column elementor-element elementor-element-c09b21d\" data-id=\"c09b21d\" data-element_type=\"column\" data-e-type=\"column\">\n\t\t\t<div class=\"elementor-widget-wrap elementor-element-populated\">\n\t\t\t\t\t\t<div class=\"elementor-element elementor-element-6de5c3 elementor-widget elementor-widget-text-editor\" data-id=\"6de5c3\" data-element_type=\"widget\" data-e-type=\"widget\" data-widget_type=\"text-editor.default\">\n\t\t\t\t<div class=\"elementor-widget-container\">\n\t\t\t\t\t\t\t\t\t\n<p>A pesquisa de registros \u00e9 realizando com o m\u00e9todo HTTP <code>GET<\/code>.<\/p>\n\n\n\n<p>Objetivando facilitar e otimizar as pesquisas de registros no ERP, o ConectorGate possui tanto o recurso de pagina\u00e7\u00e3o, quanto o recurso de consulta incremental.<\/p>\n\n\n\n<p class=\"has-nv-dark-bg-color has-nv-light-bg-background-color has-text-color has-background\" style=\"font-size:20px\">Pagina\u00e7\u00e3o<\/p>\n\n\n\n<p><strong>O recurso de pagina\u00e7\u00e3o permite pesquisar um volume grande de registros em objetos de neg\u00f3cio.<\/strong> Afim de reduzir o tamanho do response, os registros s\u00e3o divididos em p\u00e1ginas.<\/p>\n\n\n\n<p>Para obter todos os registros de uma pesquisa com um volume grande de registros recomenda-se:<\/p>\n\n\n\n<ol class=\"wp-block-list\">\n<li>Realizar GET sem usar pageNum<\/li>\n\n\n\n<li>Verificar no response o valor de pageTotal<\/li>\n\n\n\n<li>Realizar la\u00e7o de GETs, variando de pageNum=2 at\u00e9 pageTotal<\/li>\n<\/ol>\n\n\n\n<p class=\"has-nv-dark-bg-color has-nv-light-bg-background-color has-text-color has-background\" style=\"font-size:20px\">Consulta Incremental<\/p>\n\n\n\n<p><strong>O recurso de consulta incremental permite obter apenas os registros que foram criados e\/ou atualizados ap\u00f3s determinada data\/hora.<\/strong> Com isto \u00e9 poss\u00edvel pesquisar apenas registros recentes, modificados ap\u00f3s a \u00faltima pesquisa realizada.<\/p>\n\n\n\n<p>Para cadastros base, que necessitam de carga de dados no golive da integra\u00e7\u00e3o, recomenda-se que:<\/p>\n\n\n\n<ol class=\"wp-block-list\">\n<li>Seja realizada uma \u00fanica vez a carga full, sem utilizar updatedAt (e usando de pagina\u00e7\u00e3o caso necess\u00e1rio). Observa\u00e7\u00e3o: dar prefer\u00eancia por intervalos menores de datas e m\u00faltiplas consultas na carga de dados, do que uma \u00fanica consulta com um intervalo muito grande.<\/li>\n\n\n\n<li>Sejam realizadas periodicamente cargas incrementais, utilizando o campo &#8220;updatedAt&#8221; preenchido com a data\/hora da \u00faltima pesquisa realizada.<\/li>\n<\/ol>\n\n\n\n<div class=\"wp-block-columns is-layout-flex wp-container-core-columns-is-layout-9d6595d7 wp-block-columns-is-layout-flex\">\n<div class=\"wp-block-column is-layout-flow wp-block-column-is-layout-flow\"><\/div>\n<\/div>\n\n\n\n<p><\/p>\n\t\t\t\t\t\t\t\t<\/div>\n\t\t\t\t<\/div>\n\t\t\t\t\t<\/div>\n\t\t<\/div>\n\t\t\t\t\t<\/div>\n\t\t<\/section>\n\t\t\t\t<\/div>\n\t\t","protected":false},"excerpt":{"rendered":"<p>A pesquisa de registros \u00e9 realizando com o m\u00e9todo HTTP GET. Objetivando facilitar e otimizar as pesquisas de registros no ERP, o ConectorGate possui tanto o recurso de pagina\u00e7\u00e3o, quanto o recurso de consulta incremental. Pagina\u00e7\u00e3o O recurso de pagina\u00e7\u00e3o permite pesquisar um volume grande de registros em objetos de neg\u00f3cio. Afim de reduzir o&hellip;&nbsp;<a href=\"https:\/\/intergate.net.br\/conector\/pesquisando-registros\/\" rel=\"bookmark\">Ler mais &raquo;<span class=\"screen-reader-text\">Pesquisando Registros nas APIs<\/span><\/a><\/p>\n","protected":false},"author":1,"featured_media":0,"parent":0,"menu_order":0,"comment_status":"closed","ping_status":"closed","template":"","meta":{"content-type":"","neve_meta_sidebar":"","neve_meta_container":"","neve_meta_enable_content_width":"","neve_meta_content_width":0,"neve_meta_title_alignment":"","neve_meta_author_avatar":"","neve_post_elements_order":"","neve_meta_disable_header":"","neve_meta_disable_footer":"","neve_meta_disable_title":"","footnotes":""},"class_list":["post-944","page","type-page","status-publish","hentry"],"yoast_head":"<!-- This site is optimized with the Yoast SEO plugin v27.4 - https:\/\/yoast.com\/product\/yoast-seo-wordpress\/ -->\n<title>Pesquisando Registros nas APIs - Conectorgate<\/title>\n<meta name=\"description\" content=\"Pesquisando Registros nas APIs, como recurso de Pagina\u00e7\u00e3o e consulta incremental com o m\u00e9todo HTTP GET\" \/>\n<meta name=\"robots\" content=\"index, follow, max-snippet:-1, max-image-preview:large, max-video-preview:-1\" \/>\n<link rel=\"canonical\" href=\"https:\/\/intergate.net.br\/conector\/pesquisando-registros\/\" \/>\n<meta name=\"twitter:card\" content=\"summary_large_image\" \/>\n<meta name=\"twitter:title\" content=\"Pesquisando Registros nas APIs - Conectorgate\" \/>\n<meta name=\"twitter:description\" content=\"Pesquisando Registros nas APIs, como recurso de Pagina\u00e7\u00e3o e consulta incremental com o m\u00e9todo HTTP GET\" \/>\n<meta name=\"twitter:label1\" content=\"Tempo estimado de leitura\" \/>\n\t<meta name=\"twitter:data1\" content=\"2 minutos\" \/>\n<script type=\"application\/ld+json\" class=\"yoast-schema-graph\">{\"@context\":\"https:\\\/\\\/schema.org\",\"@graph\":[{\"@type\":\"WebPage\",\"@id\":\"https:\\\/\\\/intergate.net.br\\\/conector\\\/pesquisando-registros\\\/\",\"url\":\"https:\\\/\\\/intergate.net.br\\\/conector\\\/pesquisando-registros\\\/\",\"name\":\"Pesquisando Registros nas APIs - Conectorgate\",\"isPartOf\":{\"@id\":\"https:\\\/\\\/intergate.net.br\\\/conector\\\/#website\"},\"datePublished\":\"2020-04-30T22:38:17+00:00\",\"dateModified\":\"2024-03-12T19:53:25+00:00\",\"description\":\"Pesquisando Registros nas APIs, como recurso de Pagina\u00e7\u00e3o e consulta incremental com o m\u00e9todo HTTP GET\",\"breadcrumb\":{\"@id\":\"https:\\\/\\\/intergate.net.br\\\/conector\\\/pesquisando-registros\\\/#breadcrumb\"},\"inLanguage\":\"pt-PT\",\"potentialAction\":[{\"@type\":\"ReadAction\",\"target\":[\"https:\\\/\\\/intergate.net.br\\\/conector\\\/pesquisando-registros\\\/\"]}]},{\"@type\":\"BreadcrumbList\",\"@id\":\"https:\\\/\\\/intergate.net.br\\\/conector\\\/pesquisando-registros\\\/#breadcrumb\",\"itemListElement\":[{\"@type\":\"ListItem\",\"position\":1,\"name\":\"In\u00edcio\",\"item\":\"https:\\\/\\\/intergate.net.br\\\/conector\\\/\"},{\"@type\":\"ListItem\",\"position\":2,\"name\":\"Pesquisando Registros nas APIs\"}]},{\"@type\":\"WebSite\",\"@id\":\"https:\\\/\\\/intergate.net.br\\\/conector\\\/#website\",\"url\":\"https:\\\/\\\/intergate.net.br\\\/conector\\\/\",\"name\":\"Conectorgate\",\"description\":\"Integra\u00e7\u00f5es SAP Business One e Totvs Protheus\",\"potentialAction\":[{\"@type\":\"SearchAction\",\"target\":{\"@type\":\"EntryPoint\",\"urlTemplate\":\"https:\\\/\\\/intergate.net.br\\\/conector\\\/?s={search_term_string}\"},\"query-input\":{\"@type\":\"PropertyValueSpecification\",\"valueRequired\":true,\"valueName\":\"search_term_string\"}}],\"inLanguage\":\"pt-PT\"}]}<\/script>\n<!-- \/ Yoast SEO plugin. -->","yoast_head_json":{"title":"Pesquisando Registros nas APIs - Conectorgate","description":"Pesquisando Registros nas APIs, como recurso de Pagina\u00e7\u00e3o e consulta incremental com o m\u00e9todo HTTP GET","robots":{"index":"index","follow":"follow","max-snippet":"max-snippet:-1","max-image-preview":"max-image-preview:large","max-video-preview":"max-video-preview:-1"},"canonical":"https:\/\/intergate.net.br\/conector\/pesquisando-registros\/","twitter_card":"summary_large_image","twitter_title":"Pesquisando Registros nas APIs - Conectorgate","twitter_description":"Pesquisando Registros nas APIs, como recurso de Pagina\u00e7\u00e3o e consulta incremental com o m\u00e9todo HTTP GET","twitter_misc":{"Tempo estimado de leitura":"2 minutos"},"schema":{"@context":"https:\/\/schema.org","@graph":[{"@type":"WebPage","@id":"https:\/\/intergate.net.br\/conector\/pesquisando-registros\/","url":"https:\/\/intergate.net.br\/conector\/pesquisando-registros\/","name":"Pesquisando Registros nas APIs - Conectorgate","isPartOf":{"@id":"https:\/\/intergate.net.br\/conector\/#website"},"datePublished":"2020-04-30T22:38:17+00:00","dateModified":"2024-03-12T19:53:25+00:00","description":"Pesquisando Registros nas APIs, como recurso de Pagina\u00e7\u00e3o e consulta incremental com o m\u00e9todo HTTP GET","breadcrumb":{"@id":"https:\/\/intergate.net.br\/conector\/pesquisando-registros\/#breadcrumb"},"inLanguage":"pt-PT","potentialAction":[{"@type":"ReadAction","target":["https:\/\/intergate.net.br\/conector\/pesquisando-registros\/"]}]},{"@type":"BreadcrumbList","@id":"https:\/\/intergate.net.br\/conector\/pesquisando-registros\/#breadcrumb","itemListElement":[{"@type":"ListItem","position":1,"name":"In\u00edcio","item":"https:\/\/intergate.net.br\/conector\/"},{"@type":"ListItem","position":2,"name":"Pesquisando Registros nas APIs"}]},{"@type":"WebSite","@id":"https:\/\/intergate.net.br\/conector\/#website","url":"https:\/\/intergate.net.br\/conector\/","name":"Conectorgate","description":"Integra\u00e7\u00f5es SAP Business One e Totvs Protheus","potentialAction":[{"@type":"SearchAction","target":{"@type":"EntryPoint","urlTemplate":"https:\/\/intergate.net.br\/conector\/?s={search_term_string}"},"query-input":{"@type":"PropertyValueSpecification","valueRequired":true,"valueName":"search_term_string"}}],"inLanguage":"pt-PT"}]}},"_links":{"self":[{"href":"https:\/\/intergate.net.br\/conector\/wp-json\/wp\/v2\/pages\/944","targetHints":{"allow":["GET"]}}],"collection":[{"href":"https:\/\/intergate.net.br\/conector\/wp-json\/wp\/v2\/pages"}],"about":[{"href":"https:\/\/intergate.net.br\/conector\/wp-json\/wp\/v2\/types\/page"}],"author":[{"embeddable":true,"href":"https:\/\/intergate.net.br\/conector\/wp-json\/wp\/v2\/users\/1"}],"replies":[{"embeddable":true,"href":"https:\/\/intergate.net.br\/conector\/wp-json\/wp\/v2\/comments?post=944"}],"version-history":[{"count":4,"href":"https:\/\/intergate.net.br\/conector\/wp-json\/wp\/v2\/pages\/944\/revisions"}],"predecessor-version":[{"id":5734,"href":"https:\/\/intergate.net.br\/conector\/wp-json\/wp\/v2\/pages\/944\/revisions\/5734"}],"wp:attachment":[{"href":"https:\/\/intergate.net.br\/conector\/wp-json\/wp\/v2\/media?parent=944"}],"curies":[{"name":"wp","href":"https:\/\/api.w.org\/{rel}","templated":true}]}}